s digit of (-2)/7 + 596/m?
1
Suppose 2*b - 5 = 3*b. Suppose -2 = 4*i - 26. Let f = i + b. What is the units digit of f?
1
What is the units digit of 440/12 + 1/3?
7
Let o(a) = a**3 - 7*a**2 - a + 2. What is the tens digit of o(8)?
5
Let q(w) = 5*w**2 + 11*w + 9. Let k(c) = -11*c**2 - 21*c - 19. Let x(a) = -4*k(a) - 9*q(a). What is the tens digit of x(-13)?
2
Let z be (-3 - -9) + 1 + -4. Let l(n) = n**3 - 4*n**2 + 4*n - 2. What is the units digit of l(z)?
1
Let i(k) = k**2 - 11*k + 10. Let b be i(10). Suppose -5*d + 28 + 12 = b. What is the units digit of d?
8
Let p(x) = -2*x - 2. Let o be p(-3). Let l = o + 0. Suppose 0 = -3*b + 4*s - l, 3*b + 4*s = -s + 32. What is the units digit of b?
4
Let k = 90 + -63. What is the units digit of k?
7
Let h = 562 + -390. What is the hundreds digit of h?
1
Suppose 3*c = 5*w + 6, -3*c = -c + 3*w - 4. Let j(v) = -c*v + 5 + 5*v + 3*v - v**2. What is the units digit of j(5)?
0
Let d be (-2)/(-6) + 17/3. What is the units digit of (-94)/(-10) + d/(-15)?
9
Suppose 4*p + i = 30, 3*p = -2*p + 5*i + 50. What is the units digit of p?
8
Let v = -7 + 12. Suppose -2*b + 4*f + 8 = 0, b - v = 5*f + 5. Suppose -4*a - a + 35 = b. What is the units digit of a?
7
Suppose 5*q = -2*o - o + 494, 296 = 3*q + 2*o. What is the tens digit of q?
0
Let r = -30 + 58. Let y = 49 - r. Suppose y - 61 = -4*l - 5*w, -2*w - 12 = -4*l. What is the units digit of l?
5
Let i(k) = k**3 + 7*k**2 + k - 6. What is the tens digit of i(-5)?
3
Let y = -26 - -28. Suppose y*i - 56 = -2*i. What is the tens digit of i?
1
Suppose y + 5 = 6*y. What is the units digit of (-69)/(-6) - y/(-2)?
2
Let y = -14 - -33. Let j = y - -2. What is the units digit of j?
1
Suppose 0 = 3*r - r - 22. Let u = -121 - -150. Suppose 4*i - u = r. What is the tens digit of i?
1
Let p(l) = l + 13. Let b(o) = -o - 4. Let z be b(-4). What is the tens digit of p(z)?
1
Let t(p) = p**2 + 13*p - 7. Let g be t(-16). Let o = g - 22. What is the units digit of o?
9
Suppose 0*n = -3*n - 2*p + 17, 4*n = 3*p. Suppose 2*r - 4 = 2*t, -2*t - 3 = 4*r - 5. What is the units digit of n*(r + -2)*-1?
3
Suppose 5*m - 4*m - 21 = 0. What is the tens digit of m?
2
Let y = 0 - -96. What is the tens digit of (4/6)/(2/y)?
3
Suppose 3*c - 5*c - 104 = 0. Let l = c + 37. What is the tens digit of (5 - 1)*l/(-6)?
1
Suppose 0 = f - 3 - 6. Let g be (f/(-6))/(2/4). What is the units digit of (-3)/9*4*g?
4
Suppose 174 = 4*r - 134. What is the units digit of r?
7
Let n(z) = 34*z**2 - z - 1. What is the tens digit of n(-1)?
3
What is the tens digit of 716/(-4)*(-18)/9?
5
Let a(r) = 4*r**2 + 2*r + 2. What is the tens digit of a(8)?
7
Suppose 3 = -2*m - 1. What is the units digit of -2 + (-1)/(m/20)?
8
Let f(m) = m**3 + 4*m**2 + m - 2. Suppose 5*z - 5*i = -20, i = -3*z + 3*i - 11. What is the units digit of f(z)?
4
Let y(i) = -3*i + 12. Let m(h) = -7*h + 25. Let x(v) = 2*m(v) - 5*y(v). Let s be x(7). Let d(a) = a**2 - a. What is the units digit of d(s)?
2
Suppose 7 = -d + 5. What is the tens digit of -4*d*(-33)/(-24)?
1
Suppose -u + 6*u + 8 = -y, 5*y + 69 = 4*u. Let m be (-3 - 2*-2) + y. Let b(d) = -d**2 - 14*d - 8. What is the tens digit of b(m)?
1
Suppose 0 = s - 3*b + b - 13, -5*b - 55 = -4*s. Suppose 5*r = 4*o - 7, -3*r + 3*o = -6*r - s. Let f = r + 7. What is the units digit of f?
4
Let a(y) = -10*y**2 + y - 1. Let x be a(1). Let g = 24 + x. What is the units digit of g?
4
Let f(g) = -g**2 - g + 91. Let n be f(0). Suppose 0 = 2*u - 3*c + 2*c - 43, -n = -5*u - 3*c. What is the tens digit of u?
2
What is the units digit of -5*(-2 - (-8)/10)?
6
Let x = 1 + 250. What is the hundreds digit of x?
2
What is the units digit of (0 + -3)/3 - -28?
7
Suppose -8*x + x = -973. What is the units digit of x?
9
Let u be 3/(-6) + 102/4. Suppose 2*i = -3*j + 6, -i = j + j - 3. Suppose i*v = u + 17. What is the tens digit of v?
1
Suppose -8*k + 702 + 58 = 0. What is the units digit of k?
5
Let y(c) = -47*c + 1. Let m(h) = h + 11. Let z be m(-12). What is the tens digit of y(z)?
4
Suppose -3*u = 3*f - 177, 2*u - 2*f = 65 + 73. What is the tens digit of u?
6
Let s(f) = -f**3 + 13*f**2 + 2*f + 29. What is the units digit of s(13)?
5
Let u(d) = -d**3 - 8*d**2 - 1. Let i(l) = -l**3 - 15*l**2 + l - 3. Let g(r) = 3*i(r) - 5*u(r). What is the units digit of g(4)?
6
Let z = -10 + 6. What is the units digit of 10 + 6 - (z + 0)?
0
Suppose 0 = 3*a - 3*d + 78, -4*a - 122 = 2*d + 3*d. What is the units digit of ((-64)/10)/(a/70)?
6
Let x be 10/(-30) - 46/(-3). Suppose -k + x = 4*k. What is the units digit of k?
3
Let s = -1 - 6. Let o = -2 - s. Let k = o - 4. What is the units digit of k?
1
Let m = 4 + 0. Suppose m = 2*v - 0. What is the units digit of v?
2
Let o(a) = 55*a**2 - 4*a + 2. Let r be o(2). Suppose 2*j - r = 34. What is the units digit of j/12 - (-1)/(-3)?
0
Let g be 10 - (0 + (1 - 3)). What is the tens digit of ((-6)/2)/(g/(-56))?
1
Suppose 0 = -3*h + 6 - 0. Let r be ((-2)/(-5))/(h/(-10)). What is the tens digit of -5*(-2)/(3 + r)?
1
Suppose 51 = -4*n + 123. What is the tens digit of n?
1
Let o(z) = -11*z**3 - z**2 - z. Let r be ((-6)/(-9))/((-2)/3). What is the tens digit of o(r)?
1
Let l(q) = -18*q + 1. Let f = 3 + -2. Suppose f = 3*z - 4*z. What is the units digit of l(z)?
9
Let m(j) = -j + 4. Let u be m(2). Suppose 2*s - 2*r = 6, -s - 5*r = 3*s + 15. Suppose s = u*w + 8 - 34. What is the units digit of w?
3
Let h be (2/(-5))/((-4)/(-20)). Let v be 3 + h + 0/(-1). What is the units digit of (1/v)/((-5)/(-25))?
5
Let b(w) = w - 4. Let l be b(5). Let q(n) = 79*n**3 - n + 1. Let p be q(l). Suppose -4*h - 3 = -p. What is the tens digit of h?
1
Let h(d) = -7*d + 1. Let y be h(1). Let r = y - -14. What is the units digit of r?
8
Let d be 8/(-8) - (-36 - 0). Suppose -c = 4*c + d. Let t = 19 + c. What is the tens digit of t?
1
What is the tens digit of (-8)/6 + (-380)/(-6)?
6
Let t be -2 - (1 - 2)*2. Suppose t = -s - 0*s + 8. What is the units digit of s?
8
Let n be (-70)/(-8) + (-6)/8. Suppose 2*c - 6*c + n = -4*h, -c - 2 = -5*h. What is the units digit of c?
3
Let i = 0 + 1. Let x be i/4 - (-3)/(-12). Suppose l - 3*v - 19 = x, -2*l = -2*v - 7 - 15. What is the units digit of l?
7
Let d(v) = -v**2 + 7*v + 3. Let y be d(7). Suppose -3*h - 5*b + 94 = 0, h + h = -y*b + 61. What is the tens digit of h?
2
What is the tens digit of 1/(-6)*-13*6?
1
Suppose -16*c - 140 = -21*c. What is the tens digit of c?
2
Let d(n) = -n**2 + 7*n - 1. Let s be (8/8)/(1/5). What is the units digit of d(s)?
9
Suppose d - b - 74 = 0, -5*d - 4*b + 5*b = -378. What is the units digit of d?
6
Let p(i) = i**2 - i**3 - 3 + 2 - 2*i**2. Let t(y) = -5*y**3 + 3*y**2 + 2*y - 7. Let x(j) = -4*p(j) + t(j). What is the tens digit of x(7)?
1
Suppose -28 = 3*h - 7*h + 2*s, 2*h = -5*s + 26. Let c = h - 4. Suppose 16 = c*d + t, -d - t + 4 = -4*t. What is the units digit of d?
4
Let d = 4 - 2. Suppose -g = -3*l - 8, 0 = 3*g - d*g - 5*l. What is the units digit of g?
0
What is the units digit of ((-150)/(-40))/(6/128)?
0
Suppose 4*j - 144 = -4*h, 3*h + 123 = 6*j - 2*j. What is the tens digit of j?
3
Suppose -5*a + 9*a - 200 = 0. What is the tens digit of a?
5
What is the units digit of (-1)/(45/24 - 2)?
8
Let d = -153 + 254. What is the units digit of d?
1
Suppose 2*t - 120 = -8. What is the units digit of t?
6
Suppose 0 = -o - 5*d + 17, 0 = -3*d - 0*d + 9. Suppose -r = h - 4*h - 18, o*h = -10. What is the units digit of (-3)/(-2)*16/r?
8
Suppose -4*n - 6 = a + n, -15 = -3*a - 4*n. Suppose -m - a = -4. What is the tens digit of (4/m)/((-8)/140)?
1
Let q = -19 + 27. What is the tens digit of (-2)/q - (-98)/8?
1
Let y(x) = -x**2 - x + 2. Let m be y(-3). Let c(j) = -j**2 - 5*j - 2. Let s be c(-4). What is the tens digit of (m - -3)*-7*s?
1
Suppose 8*r - 285 = 3*r. Suppose -294 = -5*x - 2*f, 177 - r = 2*x + 2*f. What is the tens digit of (-10)/(-25) - x/(-5)?
1
Suppose 3*q + 99 - 541 = -2*y, 0 = -5*y - 3*q + 1105. What is the units digit of y?
1
Let x = 18 + 0. What is the tens digit of x?
1
Let x be (-2)/(-3)*84/8. Let m(u) = -u**3 + 6*u**2 + 8*u + 4. What is the tens digit of m(x)?
1
Suppose -4 + 6 = l. Suppose -l*s - 5*c = -46, -c - 3*c + 81 = 5*s. Suppose 4*j - s = q + 2*q, -j = q - 5. What is the units digit of j?
4
Let b(z) = 2*z + 8. Suppose -3*f - 11 = -47. What is the units 